 v(w) = -w - 5. Give v(-15).
10
Let n(t) = t**3 - 7*t**2 - 7*t + 1. Give n(8).
9
Let v(y) = y**3 - 5*y**2 - 3*y + 4. Give v(4).
-24
Let p(c) = -2*c**3 + c**2 - 11*c + 11. What is p(1)?
-1
Let v(k) = -7*k + 10. Calculate v(7).
-39
Let m(n) = n**3 + 17*n**2 - 36*n + 43. Calculate m(-19).
5
Let b(m) = m**2 + 15*m + 18. What is b(-14)?
4
Let y(p) = 2*p**3 - 3*p**2 - 8*p - 3. Determine y(4).
45
Let p(q) = q**2 - 3*q - 3. Determine p(4).
1
Let c(i) = -5*i - 2. Give c(5).
-27
Let y(h) = 3*h - 6. What is y(-5)?
-21
Let j(u) = u**3 - 27*u**2 + u + 61. Give j(27).
88
Let i(j) = 7*j - 14. Determine i(-3).
-35
Let q(t) = -6*t**3 + 4*t**2 - 7*t + 1. Give q(2).
-45
Let h(z) = -5*z - 48. What is h(-9)?
-3
Let z(g) = 2*g**2 - 12*g - 22. Determine z(7).
-8
Let v(w) = w**2 - 29*w + 35. Give v(28).
7
Let z(s) = s**2 - 16*s + 17. What is z(15)?
2
Let j(v) = 34*v + 38. Give j(-1).
4
Let f(r) = -r**3 - 4*r**2 + 3*r + 7. What is f(-3)?
-11
Let a(h) = h**2 + 22*h + 41. What is a(-20)?
1
Let x(b) = -b**3 + 14*b**2 + 16*b - 1. What is x(15)?
14
Let d(j) = j**3 + 5*j**2 - 13*j + 4. What is d(-6)?
46
Let i(k) = -k**2 + 26*k + 2. Give i(26).
2
Let m(n) = -14*n**3 + n**2 - 6*n + 5. Calculate m(1).
-14
Let y(i) = i**3 + 6*i**2 + 7*i - 8. Calculate y(-6).
-50
Let u(b) = -2*b**3 - 22*b**2 - 3*b - 42. Calculate u(-11).
-9
Let r(o) = 2*o**3 - o**2 + o + 3. Give r(3).
51
Let z(d) = d**3 - 19*d**2 + 18*d - 3. Determine z(18).
-3
Let j(p) = 2*p**2 + 44*p - 23. Calculate j(-22).
-23
Let k(f) = -f**3 - 7*f**2 + 8*f - 10. Determine k(-8).
-10
Let u(c) = -c**3 + 18*c**2 - 17*c - 1. Give u(17).
-1
Let u(a) = a**3 - 7*a**2 - 7*a - 5. Determine u(8).
3
Let z(i) = 6*i**2. Determine z(1).
6
Let h(s) = s**3 - 5*s**2 + 2*s. Determine h(5).
10
Let u(h) = -16*h - 115. Determine u(-9).
29
Let n(l) = -l**2 + 5*l - 4. Calculate n(4).
0
Let n(p) = p + 19. Determine n(-3).
16
Let d(y) = 2*y + 13. Determine d(0).
13
Let w(n) = -47*n + 190. Give w(4).
2
Let q(u) = 14*u - 5. Calculate q(-12).
-173
Let b(x) = 3*x + 2. Determine b(2).
8
Let n(i) = -i - 8. Calculate n(-12).
4
Let p(q) = q**3 + 4. What is p(0)?
4
Let j(u) = 2*u**2 - 11*u - 18. Calculate j(7).
3
Let d(p) = 2*p - 10. Determine d(6).
2
Let g(j) = -3*j - 57. Give g(-21).
6
Let f(j) = -3*j**2 + 4. What is f(-2)?
-8
Let d(m) = 7*m - 2. Give d(0).
-2
Let k(v) = v**2 + 4*v + 5. Give k(-4).
5
Let w(u) = -3*u**2 + u - 3. Determine w(2).
-13
Let l(u) = -2*u**2 + 17*u - 23. Give l(7).
-2
Let n(m) = -21*m + 178. Determine n(8).
10
Let t(s) = 4*s + 11. Give t(-4).
-5
Let j(u) = -2*u + 7. Calculate j(9).
-11
Let y(g) = -g**2 + 5*g + 1. Give y(6).
-5
Let m(f) = -26*f**2 + f - 1. Calculate m(1).
-26
Let y(x) = -x**2 + 38*x - 65. Give y(36).
7
Let g(r) = -r**3 - 5*r**2 - r - 1. What is g(-4)?
-13
Let p(b) = b**2 - 11*b - 10. What is p(12)?
2
Let x(t) = t**2 + 14*t + 25. Calculate x(-12).
1
Let q(u) = u - 11. What is q(17)?
6
Let p(s) = s**2 - 9*s - 9. Give p(7).
-23
Let x(k) = -2*k**3 - 30*k**2 + 31*k - 14. Calculate x(-16).
2
Let j(m) = -3*m**3 + 3*m**2 - 2*m. What is j(2)?
-16
Let n(f) = 28*f + 3. Determine n(-2).
-53
Let n(m) = m**2 - m - 58. What is n(0)?
-58
Let h(u) = -u**3 - 8*u**2 - 18*u. Calculate h(-4).
8
Let n(l) = 6*l - 73. Calculate n(13).
5
Let c(v) = v**3 + 28*v**2 + 73*v - 54. Calculate c(-25).
-4
Let u(i) = 2*i**2 - 19*i - 1. Calculate u(11).
32
Let o(b) = b**3 + 3*b**2 + 5*b - 1. What is o(-5)?
-76
Let w(m) = -m**2 + 13*m - 14. Give w(15).
-44
Let l(h) = 2*h**2 - 16*h + 7. Give l(6).
-17
Let i(y) = 27*y**2 + 1. Give i(-1).
28
Let s(g) = -g**3 + 7*g**2 - g + 5. Determine s(7).
-2
Let v(i) = -i**2 - 28*i - 29. Determine v(-27).
-2
Let y(b) = -b**3 + 2*b**2 + 5*b - 5. What is y(4)?
-17
Let w(r) = -2*r**3 + 10*r**2 - 9*r + 7. What is w(4)?
3
Let y(h) = -h**2 - 4*h - 12. What is y(-3)?
-9
Let v(j) = 7*j + 47. What is v(17)?
166
Let v(f) = f + 3. What is v(-5)?
-2
Let j(x) = x**3 + 6*x**2 + 7*x - 8. Calculate j(-6).
-50
Let g(l) = -l**3 + 28*l**2 - 28*l + 23. Determine g(27).
-4
Let s(b) = 3*b**2 - 4*b + 1. Determine s(-2).
21
Let v(r) = 6*r**2 + 3*r + 7. Determine v(-3).
52
Let i(j) = -2*j**2 + 25*j - 12. Calculate i(12).
0
Let q(m) = -m**3 - 13*m**2 + 11*m + 143. What is q(-13)?
0
Let a(v) = -9*v + 2. Determine a(4).
-34
Let q(y) = -2*y**2 - 2*y + 12. Calculate q(-5).
-28
Let u(w) = w**2 + w + 12. Give u(0).
12
Let k(z) = 6*z - 32. Calculate k(0).
-32
Let u(w) = 9*w**2 - 35*w - 5. Give u(4).
-1
Let t(x) = -x**3 - 6*x**2 + 7*x + 1. Give t(-7).
1
Let h(j) = 2*j**2 - 5*j + 4. Give h(3).
7
Let v(y) = 4*y**3 - 2*y**2 + 4*y - 3. Give v(1).
3
Let d(i) = -i + 10. Give d(5).
5
Let p(x) = 2*x + 3. Give p(5).
13
Let m(o) = -7*o - 3. Determine m(-5).
32
Let w(z) = -z**2 + 12*z - 3. What is w(12)?
-3
Let f(m) = -6*m**2 + 140*m - 36. What is f(23)?
10
Let m(q) = q**3 + 4*q**2 - 8*q + 4. Calculate m(2).
12
Let x(l) = 13*l - 144. What is x(11)?
-1
Let y(o) = o**2 + 2*o - 1. Give y(-1).
-2
Let u(l) = -l**2 - 5*l - 18. Give u(-6).
-24
Let j(v) = v**2 + 9*v + 11. What is j(-9)?
11
Let r(i) = -i**3 + 2*i**2 + 7*i + 7. Calculate r(0).
7
Let i(o) = -o**2 + 10*o + 98. What is i(-6)?
2
Let b(w) = 17*w**2 - 5*w + 6. What is b(1)?
18
Let c(d) = d**3 + 29*d**2 - 32*d - 65. Determine c(-30).
-5
Let j(a) = a**3 - 2*a**2 - 7*a + 7. What is j(4)?
11
Let v(o) = 24*o + 283. Give v(-12).
-5
Let t(l) = -l**2 - 5*l + 23. Calculate t(3).
-1
Let p(j) = 2*j - 10. Calculate p(6).
2
Let v(s) = -s**3 + 29*s**2 + 29*s + 4. Give v(30).
-26
Let y(f) = 10*f**2 - 7*f - 8. What is y(-1)?
9
Let w(t) = 2*t**2 + 9*t + 5. Calculate w(-3).
-4
Let l(v) = v**2 + 20*v + 83. Determine l(-11).
-16
Let v(t) = 9*t + 26. What is v(-2)?
8
Let i(t) = t**3 - 7*t**2 - 19*t + 29. Determine i(9).
20
Let g(u) = 11*u**2 + 15*u + 2. Give g(-4).
118
Let l(y) = y**3 + 11*y**2 + 11*y - 8. What is l(-10)?
-18
Let o(j) = -j + 13. Determine o(4).
9
Let n(h) = 6*h**2 - 2*h - 4. Give n(-2).
24
Let b(a) = -a**2 + 27*a + 35. Give b(28).
7
Let d(q) = q - 19. Determine d(25).
6
Let c(v) = v**3 - 6*v**2 - v + 6. Determine c(6).
0
Let b(m) = -11*m - 5. Calculate b(-4).
39
Let n(l) = -l**2 - 25*l + 92. Determine n(-28).
8
Let g(o) = -o**3 + 11*o**2 + 12*o - 4. What is g(12)?
-4
Let i(q) = q**3 - 18*q**2 + 14*q + 54. What is i(17)?
3
Let b(n) = -34*n - 237. Give b(-7).
1
Let o(s) = -7*s - 92. Calculate o(-12).
-8
Let r(o) = 9*o - 15. Determine r(9).
66
Let c(o) = -9*o**2 - o + 1. What is c(-2)?
-33
Let l(k) = k**3 + 14*k**2 - 47*k + 40. Determine l(-17).
-28
Let d(u) = u**3 + 30*u**2 + u + 69. What is d(-30)?
39
Let s(d) = d**3 - 6*d**2 - 7*d - 12. What is s(7)?
-12
Let k(m) = -m**3 + 13*m**2 + 32*m - 33. What is k(15)?
-3
Let g(a) = -a**3 + 4*a**2 + 6*a - 4. Calculate g(5).
1
Let o(y) = y**2 - 13*y + 12. Determine o(5).
-28
Let h(f) = -f**3 + 6*f**2 - 2*f - 2. Give h(6).
-14
Let h(w) = w**2 + 51*w + 441. Determine h(-11).
1
Let t(a) = 27*a + 73. Give t(-3).
-8
Let i(j) = -j**2 + 19*j - 49. Determine i(16).
-1
Let r(a) = a**2 + 4*a + 5. What is r(-2)?
1
Let g(m) = -4*m**2 + m - 1. Calculate g(-1).
-6
Let o(l) = -l**3 - 2*l**2 + 15*l - 3. Calculate o(-5).
-3
Let u(t) = 5*t + 6. Give u(-7).
-29
Let a(i) = i**3 - i**2 - 4*i - 1. Determine a(3).
5
Let n(o) = -o + 15. Give n(10).
5
Let s(v) = v**3 - 11*v**2 - 17*v + 4. Calculate s(13).
121
Let g(v) = v**2 - 7*v + 39. Determine g(8).
47
Let z(i) = -i**3 - 8*i**2 + 10*i + 5. Determine z(-9).
-4
Let y(u) = 4*u - 114. Determine y(26).
-10
Let f(x) = -2*x**2 + 2*x + 129. Give f(-8).
-15
Let v(a) = -30*a + 426. Give v(14).
6
Let c(j) = -j**2 + 19*j + 71. Calculate c(-3).
5
Let s(q) = 9*q - 39. Determine s(6).
15
Let h(u) = u**3 + 16*u**2 + 28*u + 28. Determine h(-14).
28
Let y(b) = 3*b**2 - 6*b + 6. Calculate y(4).
30
Let n(j) = 49*j - 150. What is n(3)?
-3
Let u(q) = -3*q + 17. Give u(7).
-4
Let q(d) = -d**3 - 23*d**2 - 20*d + 45. Determine q(-22).
1
Let h(c) = c**2 - 12*c - 54. Calculate h(16).
10
Let p(z) = z**3 + 9*z**2 + 16*z - 8. Give p(-6).
4
Let q(n) = n**3 - 10*n**2 + 24*n - 35. Determine q(7).
-14
Let x(b) = -12*b + 96. Give x(8).
0
Let u(j) = 2*j**3 + 17*j**2 + 6*j - 30. Give u(-8).
-14
Let p(l) = -l**2 + 14*l - 15. Give p(10).
25
Let w(v) = -v - 21. Give w(-15).
-6
Let i(k) = 27*k**3 + k**2 + 2*k - 2. Determine i(1).
28
Let l(i) = -2*i**2 + 26. Determine l(-4).
-6
Let w(